ue
Is 60157 a composite number?
True
Is 222143 prime?
False
Is 16319 a prime number?
True
Is 33997 prime?
True
Is 25793 composite?
False
Is 330121 prime?
False
Is 394 prime?
False
Is 5371 a composite number?
True
Is 59491 a prime number?
False
Is 115033 composite?
True
Is 4069 composite?
True
Is 116939 a prime number?
False
Is 504467 a composite number?
True
Is 1345681 prime?
False
Is 43467 composite?
True
Is 482563 a prime number?
False
Is 21 a prime number?
False
Is 12809 composite?
False
Is 1809547 composite?
True
Is 67703 a composite number?
True
Is 657989 composite?
True
Is 17455 a composite number?
True
Is 56071 prime?
False
Is 6031 a composite number?
True
Is 169987 a prime number?
True
Is 131561 a composite number?
False
Is 11359 prime?
False
Is 5207 composite?
True
Is 422803 prime?
True
Is 7949 a prime number?
True
Is 10529 prime?
True
Is 62241 composite?
True
Is 59539 composite?
False
Is 20569 composite?
True
Is 26309 a prime number?
True
Is 5309263 prime?
True
Is 19661 a composite number?
False
Is 114451 a prime number?
True
Is 991 a prime number?
True
Is 12653 a prime number?
True
Is 473963 prime?
False
Is 1308187 a prime number?
False
Is 35201 composite?
False
Is 1480837 prime?
True
Is 244873 prime?
True
Is 20317 composite?
True
Is 159141 a prime number?
False
Is 663349 composite?
False
Is 26147 composite?
True
Is 907 composite?
False
Is 10435 a composite number?
True
Is 6031 composite?
True
Is 73373 a composite number?
True
Is 61507 composite?
False
Is 6449 composite?
False
Is 145511 prime?
True
Is 1259 a composite number?
False
Is 19177 a composite number?
True
Is 2325469 prime?
True
Is 32345 composite?
True
Is 6938161 prime?
True
Is 793 composite?
True
Is 1278185 prime?
False
Is 30917 prime?
False
Is 24193 a prime number?
False
Is 116731 a composite number?
False
Is 910447 prime?
True
Is 4937 composite?
False
Is 19167 prime?
False
Is 145283 a composite number?
False
Is 2839 composite?
True
Is 23909 a prime number?
True
Is 41269 a prime number?
True
Is 5951 prime?
False
Is 84163 composite?
False
Is 1716457 composite?
False
Is 59687 prime?
False
Is 11273 composite?
False
Is 31315 prime?
False
Is 67181 prime?
True
Is 162209 composite?
False
Is 1801 prime?
True
Is 19582 a composite number?
True
Is 37039 a composite number?
False
Is 46623 prime?
False
Is 2766931 a composite number?
False
Is 55399 a composite number?
False
Is 921 a prime number?
False
Is 1541 prime?
False
Is 9865 prime?
False
Is 3199 a composite number?
True
Is 536821 composite?
True
Is 612553 a prime number?
True
Is 6247 a composite number?
False
Is 10807 prime?
False
Is 72073 prime?
True
Is 959083 composite?
False
Is 331757 a prime number?
False
Is 87323 composite?
False
Is 10289 a prime number?
True
Is 6547 a composite number?
False
Is 514261 a prime number?
False
Is 1211 composite?
True
Is 326 composite?
True
Is 4583 a prime number?
True
Is 6197 prime?
True
Is 831995 a prime number?
False
Is 491615 prime?
False
Is 11197 composite?
False
Is 258391 a composite number?
True
Is 4987 prime?
True
Is 10279 prime?
False
Is 3957 composite?
True
Is 2626451 a prime number?
True
Is 28913 a composite number?
True
Is 836681 composite?
True
Is 13267 prime?
True
Is 544171 composite?
False
Is 628271 prime?
False
Is 149689 a prime number?
True
Is 14939 a prime number?
True
Is 596143 a prime number?
True
Is 3424379 prime?
False
Is 1235021 a composite number?
False
Is 81083 a composite number?
False
Is 7963 composite?
False
Is 14515 prime?
False
Is 12307 a prime number?
False
Is 57917 a composite number?
False
Is 288077 composite?
False
Is 9687 composite?
True
Is 287779 a prime number?
False
Is 239 prime?
True
Is 4481 composite?
False
Is 19841 a prime number?
True
Is 1966 a composite number?
True
Is 21271 composite?
True
Is 150721 a composite number?
False
Is 15017 a composite number?
False
Is 17151 a composite number?
True
Is 291 prime?
False
Is 1259 a prime number?
True
Is 21253 composite?
True
Is 85711 a prime number?
True
Is 1623733 a composite number?
False
Is 166766 a prime number?
False
Is 268123 a prime number?
True
Is 1260959 composite?
True
Is 288803 a composite number?
False
Is 2777 prime?
True
Is 32221 a prime number?
False
Is 85889 prime?
True
Is 11177 a composite number?
False
Is 523747 composite?
True
Is 1347707 prime?
True
Is 3274 a composite number?
True
Is 18719 a prime number?
True
Is 207589 composite?
False
Is 34249 a prime number?
False
Is 101129 composite?
True
Is 39007 a prime number?
False
Is 112123 a composite number?
True
Is 821 a prime number?
True
Is 35671 a composite number?
False
Is 18646 composite?
True
Is 35491 a composite number?
False
Is 32567 composite?
True
Is 29901 prime?
False
Is 103611 composite?
True
Is 222707 a prime number?
True
Is 231697 prime?
False
Is 259339 a composite number?
False
Is 745231 a composite number?
False
Is 4531 composite?
True
Is 442517 composite?
False
Is 13841 prime?
True
Is 3491 a composite number?
False
Is 17902 a composite number?
True
Is 573974 a composite number?
True
Is 11099 a composite number?
True
Is 30029 a composite number?
False
Is 33593 a composite number?
True
Is 61727 a composite number?
True
Is 964357 prime?
True
Is 710789 prime?
False
Is 9199 prime?
True
Is 15907 prime?
True
Is 470567 a prime number?
False
Is 11731 composite?
False
Is 13159 a composite number?
False
Is 11017 composite?
True
Is 3163 a prime number?
True
Is 2662067 composite?
False
Is 4919 a prime number?
True
Is 47131 composite?
True
Is 26101 a composite number?
True
Is 129 a composite number?
True
Is 11157 composite?
True
Is 6870503 a prime number?
True
Is 35591 a prime number?
True
Is 28003 a prime number?
False
Is 12494 prime?
False
Is 140521 composite?
False
Is 44483 a prime number?
True
Is 78779 a composite number?
False
Is 2705 a composite number?
True
Is 91477 composite?
True
Is 13553 prime?
True
Is 235621 prime?
True
Is 153635 prime?
False
Is 131585 a composite number?
True
Is 6901 prime?
False
Is 140531 a composite number?
True
Is 14113 a composite number?
True
Is 7477 composite?
False
Is 2289269 a composite number?
True
Is 20611 a composite number?
False
Is 97987 a prime number?
True
Is 567277 a composite number?
False
Is 829 prime?
True
Is 536051 prime?
True
Is 19243 prime?
False
Is 4138 a composite number?
True
Is 3077 composite?
True
Is 14671 a prime number?
False
Is 134077 prime?
True
Is 18551 composite?
True
Is 5323 a composite number?
False
Is 5599 prime?
False
Is 9101 prime?
False
Is 193162 a composite number?
True
Is 10551 a composite number?
True
Is 2513281 a composite number?
False
Is 3831 a composite number?
True
Is 2048801 composite?
True
Is 309286 a prime number?
False
Is 4727 a composite number?
True
Is 10895 composite?
True
Is 16153 a composite number?
True
Is 14123 a prime number?
False
Is 806291 a prime number?
True
Is 49391 a prime number?
True
Is 12007 composite?
False
Is 16183 prime?
True
Is 697 a composite number?
True
Is 286763 a composite number?
False
Is 56273 composite?
True
Is 15493 a prime number?
True
Is 1210217 a prime number?
False
Is 246497 prime?
True
Is 242779 a composite number?
False
Is 7863 a composite number?
True
Is 111463 a composite number?
True
Is 43037 prime?
True
Is 39257 a prime number?
False
Is 10097 a prime number?
False
Is 14281 a prime number?
True
Is 667477 prime?
True
Is 2628553 prime?
True
Is 8285 composite?
True
Is 344561 composite?
True
Is 1068391 composite?
True
Is 83645 a prime number?
False
Is 591607 a composite number?
True
Is 63361 prime?
True
Is 33622 composite?
True
Is 12197 prime?
True
Is 253463 a composite number?
True
Is 270761 a prime number?
True
Is 29789 a prime number?
True
Is 52477 composite?
True
Is 32353 a prime number?
True
Is 31523 a prime number?
False
Is 997031 a prime number?
False
Is 273433 a composite number?
False
Is 1265503 a composite number?
False
Is 15227 a composite number?
False
Is 811 composite?
False
Is 8543 prime?
True
Is 25111 prime?
True
Is 17737 a composite number?
False
Is 8306 a composite number?
True
Is 66569 a composite number?
False
Is 1723299 a composite number?
True
Is 31873 a prime number?
True
Is 2395 a prime number?
False
Is 289343 a prime number?
True
Is 203127 composite?
True
Is 8663 a composite number?
False
Is 3119 compos